1608?
536
Calculate the greatest common factor of 3541534 and 16756.
118
What is the greatest common divisor of 229432 and 7984?
8
Calculate the greatest common factor of 162 and 282653874.
162
Calculate the greatest common divisor of 14928 and 68400.
48
Calculate the highest common divisor of 7217460 and 511464.
1212
What is the greatest common factor of 1010 and 375992902?
202
What is the highest common factor of 2124529722 and 756?
378
Calculate the greatest common factor of 1098 and 3129849.
549
Calculate the highest common factor of 84992 and 2553412.
332
Calculate the highest common factor of 5415704 and 8973.
997
What is the greatest common divisor of 1354507 and 1490335?
3773
Calculate the highest common divisor of 116068001 and 37.
37
What is the greatest common divisor of 153848132 and 116?
116
Calculate the greatest common divisor of 432 and 926880.
48
What is the greatest common factor of 112 and 4922144?
16
What is the highest common divisor of 5 and 738524?
1
Calculate the greatest common factor of 42 and 1144417974.
42
Calculate the greatest common factor of 5638610 and 30.
10
Calculate the highest common factor of 1273399316 and 14.
14
Calculate the greatest common divisor of 21016620 and 1731558.
13218
Calculate the highest common factor of 7213817 and 1929.
643
Calculate the greatest common divisor of 143206 and 1965705.
1351
What is the greatest common factor of 5073 and 318972?
57
Calculate the highest common divisor of 559 and 1789144.
43
Calculate the highest common divisor of 52 and 704938.
26
Calculate the greatest common factor of 138754 and 3062234.
742
What is the greatest common divisor of 396 and 1496207724?
132
What is the greatest common factor of 40 and 67846?
2
Calculate the highest common factor of 64038172 and 19107.
2123
Calculate the highest common divisor of 1281103 and 5804327.
7157
Calculate the greatest common divisor of 710 and 826383910.
710
Calculate the highest common divisor of 4490376 and 12045.
2409
Calculate the greatest common factor of 408 and 56814.
102
What is the greatest common divisor of 102253043 and 3107?
239
Calculate the highest common divisor of 96 and 161574432.
96
What is the greatest common factor of 1274 and 383953661?
637
Calculate the greatest common factor of 364 and 38423996.
52
Calculate the highest common divisor of 17704098 and 1126.
1126
Calculate the greatest common factor of 13674 and 134318748.
318
What is the highest common divisor of 3533360 and 158340?
580
Calculate the highest common divisor of 3408 and 1848684.
12
Calculate the greatest common factor of 18017630 and 2672.
334
What is the greatest common factor of 1444 and 3114974?
38
What is the highest common factor of 222 and 262284712?
74
Calculate the highest common divisor of 10010091 and 65.
13
Calculate the greatest common factor of 312785973 and 7947.
7947
Calculate the greatest common divisor of 11151 and 19411.
413
What is the highest common divisor of 68743101 and 1722?
861
Calculate the greatest common factor of 17423 and 443828.
917
What is the greatest common factor of 324050 and 60?
10
What is the greatest common divisor of 6371 and 894056?
23
What is the greatest common factor of 16325376 and 40832?
3712
What is the highest common divisor of 4058576 and 20?
4
Calculate the greatest common divisor of 33054457 and 53.
53
Calculate the highest common factor of 15129906 and 28842.
1518
Calculate the greatest common divisor of 1674952 and 1334.
46
Calculate the greatest common divisor of 4079 and 120685373.
4079
Calculate the highest common divisor of 26387062 and 130.
26
What is the greatest common factor of 1602 and 10644489?
801
What is the highest common factor of 302064 and 978?
6
Calculate the greatest common factor of 458 and 678428072.
458
Calculate the greatest common divisor of 1190 and 2058938.
238
Calculate the highest common divisor of 43342840 and 520.
40
What is the highest common divisor of 1065368 and 27360?
152
What is the greatest common factor of 577290676 and 4282?
4282
What is the greatest common divisor of 87360 and 7566?
78
What is the greatest common factor of 7807 and 65268?
37
What is the highest common factor of 9116096 and 54648?
2024
Calculate the highest common factor of 10678 and 12363157.
281
What is the greatest common divisor of 292 and 62716198?
146
Calculate the highest common divisor of 5457621 and 39.
39
What is the greatest common factor of 56467915 and 1645?
1645
Calculate the highest common divisor of 2846437 and 176.
11
What is the greatest common factor of 47978 and 7651042?
322
What is the highest common divisor of 564300 and 189600?
300
What is the greatest common factor of 1387625 and 8143?
17
Calculate the greatest common factor of 444 and 3177276.
12
Calculate the highest common factor of 1727320 and 6665.
155
Calculate the highest common divisor of 2567250 and 817740.
630
What is the highest common factor of 86548630 and 34160?
4270
Calculate the greatest common factor of 408903616 and 5973.
1991
Calculate the greatest common factor of 7455802 and 3070.
614
Calculate the highest common factor of 5795 and 56321035.
95
What is the highest common divisor of 177848 and 6361168?
4136
What is the highest common factor of 135837 and 47?
1
Calculate the greatest common factor of 420 and 184703400.
420
What is the highest common factor of 86001 and 381087?
789
What is the greatest common divisor of 1074192 and 30429?
483
What is the highest common factor of 524380 and 137775?
835
What is the greatest common factor of 2 and 93277?
1
Calculate the highest common factor of 10604937 and 654.
327
Calculate the greatest common factor of 9723473 and 34.
17
Calculate the highest common divisor of 72290 and 420.
10
What is the highest common factor of 3 and 13547415?
3
What is the greatest common factor of 60 and 10789236?
12
What is the highest common factor of 4075036 and 53788?
476
Calculate the highest common divisor of 18 and 4019414.
2
Calculate the greatest common divisor of 3872364 and 250142.
1382
What is the greatest common divisor of 19349490 and 8544?
534
Calculate the highest common factor of 430303988 and 47.
47
What is the highest common factor of 31349510 and 778?
778
Calculate the highest common factor of 27448 and 4395038.
146
Calculate the greatest common divisor of 1144 and 8956519.
143
Calculate the greatest common divisor of 39 and 14788748.
13
What is the greatest common divisor of 57765005 and 479?
479
What is the highest common divisor of 12825 and 871625?
475
What is the highest common divisor of 108 and 1068865848?
108
Calculate the greatest common divisor of 46291 and 1034229.
119
Calculate the greatest common factor of 463128 and 506.
46
What is the highest common factor of 36 and 939239892?
36
Calculate the highest common factor of 1618638 and 12138.
714
What is the highest common divisor of 19400 and 253602620?
1940
What is the greatest common factor of 2768 and 162635224?
1384
Calculate the greatest common factor of 808512 and 75264.
192
Calculate the greatest common factor of 27850 and 4146865.
2785
What is the greatest common factor of 462 and 154575498?
462
Calculate the greatest common factor of 77971 and 15244.
103
What is the highest common factor of 430 and 51462830?
430
What is the highest common divisor of 5652603 and 198?
99
What is the greatest common divisor of 10481 and 752517?
47
What is the highest common factor of 17984 and 1684876?
1124
What is the greatest common factor of 378121014 and 36?
18
Calculate the highest common divisor of 16647 and 3554045.
179
What is the greatest common factor of 2224094 and 242?
2
What is the highest common factor of 1682 and 14347?
1
What is the highest common divisor of 1132 and 248172?
4
Calculate the highest common factor of 373490 and 15385.
85
What is the greatest common divisor of 264 and 28016692?
44
Calculate the greatest common factor of 3366 and 11418084.
306
What is the greatest common divisor of 31368450 and 29100?
150
Calculate the highest common divisor of 353724178 and 38.
38
What is the greatest common divisor of 2388733 and 1003?
59
Calculate the highest common factor of 12509126 and 28.
14
What is the highest common factor of 224 and 1074064?
16
What is the highest com